 the prime factors of 249083659.
11, 22643969
List the prime factors of 1102062409.
7, 101, 1558787
List the prime factors of 33914845.
5, 6782969
List the prime factors of 60143548.
2, 137, 109751
List the prime factors of 75776119.
59, 1284341
What are the prime factors of 3154030527?
3, 1051343509
What are the prime factors of 41603324?
2, 7, 337, 4409
What are the prime factors of 12916801?
31, 13441
List the prime factors of 880229197.
2477, 355361
What are the prime factors of 38014888?
2, 2111, 2251
List the prime factors of 40084905.
3, 5, 7, 381761
What are the prime factors of 651776262?
2, 3, 41, 2649497
What are the prime factors of 10142704?
2, 11, 13, 31
List the prime factors of 1305660661.
1305660661
List the prime factors of 260872555.
5, 23, 401, 5657
What are the prime factors of 4480129885?
5, 7, 11, 227, 51263
What are the prime factors of 385596734?
2, 192798367
List the prime factors of 276648271.
5591, 49481
List the prime factors of 3083153.
47, 65599
List the prime factors of 960798051.
3, 151, 235663
What are the prime factors of 4430169314?
2, 19, 911, 127973
List the prime factors of 192255375.
3, 5, 13, 113, 349
What are the prime factors of 1743529932?
2, 3, 48431387
List the prime factors of 113733588.
2, 3, 9477799
What are the prime factors of 42617188?
2, 31, 343687
List the prime factors of 1289284043.
5639, 228637
List the prime factors of 7055672305.
5, 11, 29, 4423619
What are the prime factors of 1787406938?
2, 29, 439, 70199
What are the prime factors of 8293852?
2, 7, 139, 2131
List the prime factors of 34288074.
2, 3, 467, 4079
List the prime factors of 6943901.
37, 53, 3541
List the prime factors of 1823750696.
2, 281, 811277
What are the prime factors of 174312970?
2, 5, 13, 43, 31183
List the prime factors of 37323108.
2, 3, 83, 12491
What are the prime factors of 473690734?
2, 11, 743, 28979
List the prime factors of 68605550.
2, 5, 13, 23, 353
What are the prime factors of 124527848?
2, 487, 31963
What are the prime factors of 457400696?
2, 5099, 11213
List the prime factors of 188257999.
43, 4378093
List the prime factors of 61404820.
2, 5, 233, 13177
What are the prime factors of 839826586?
2, 509, 824977
What are the prime factors of 1527472?
2, 95467
What are the prime factors of 49533730?
2, 5, 103, 48091
List the prime factors of 3107258776.
2, 17, 43, 531337
What are the prime factors of 122078323?
71, 1719413
List the prime factors of 1430222165.
5, 61, 76873
List the prime factors of 21445099.
13, 61, 27043
What are the prime factors of 1010304291?
3, 29, 31, 374603
List the prime factors of 74271029.
7, 59, 179833
List the prime factors of 5674829031.
3, 23, 31, 294781
List the prime factors of 256300284.
2, 3, 61, 350137
What are the prime factors of 63381951?
3, 23, 306193
What are the prime factors of 1241530425?
3, 5, 79, 69847
List the prime factors of 40141766.
2, 7, 2867269
List the prime factors of 21864244.
2, 17, 67, 4799
What are the prime factors of 48561306?
2, 3, 8093551
List the prime factors of 92848235.
5, 173, 107339
What are the prime factors of 782876093?
23, 107, 13831
What are the prime factors of 29217840?
2, 3, 5, 53, 2297
List the prime factors of 47963375.
5, 17, 22571
What are the prime factors of 229201350?
2, 3, 5, 7, 218287
What are the prime factors of 1321804124?
2, 47, 7030873
What are the prime factors of 381916623?
3, 11, 11573231
List the prime factors of 86114044.
2, 17, 271, 4673
What are the prime factors of 3324419860?
2, 5, 353, 470881
List the prime factors of 3736118405.
5, 747223681
List the prime factors of 1478363.
59, 25057
List the prime factors of 130865699.
23, 5689813
List the prime factors of 515194898.
2, 61, 4222909
What are the prime factors of 860040252?
2, 3, 23890007
What are the prime factors of 25649860?
2, 5, 1282493
What are the prime factors of 21359009?
7, 47, 64921
What are the prime factors of 1008087002?
2, 13, 38772577
List the prime factors of 3678285421.
61, 7529, 8009
List the prime factors of 572784251.
13, 2389, 18443
What are the prime factors of 4087420597?
13, 23, 149, 3989
List the prime factors of 489129447.
3, 373, 437113
What are the prime factors of 180994223?
17, 10646719
What are the prime factors of 4160971646?
2, 13, 17, 607, 1193
List the prime factors of 26995777.
26995777
What are the prime factors of 1547728398?
2, 3, 9553879
What are the prime factors of 2891574346?
2, 37, 4451, 8779
List the prime factors of 156520553.
7, 353, 9049
What are the prime factors of 114110556?
2, 3, 7, 1358459
List the prime factors of 43911875.
5, 7, 10037
List the prime factors of 1800542224.
2, 13, 41, 109, 149
List the prime factors of 234035129.
234035129
List the prime factors of 536900364.
2, 3, 7, 11, 13, 47, 317
List the prime factors of 91616984.
2, 2207, 5189
List the prime factors of 772536199.
211, 911, 4019
What are the prime factors of 1066749625?
5, 433, 19709
List the prime factors of 236325130.
2, 5, 967, 24439
List the prime factors of 531980471.
11, 48361861
What are the prime factors of 65189037?
3, 1993, 10903
What are the prime factors of 333537334?
2, 13, 251, 51109
List the prime factors of 5287621525.
5, 283, 523, 1429
What are the prime factors of 717759038?
2, 41, 643, 13613
What are the prime factors of 3998187796?
2, 23, 43458563
What are the prime factors of 7943962663?
7, 13, 23, 29, 2671
What are the prime factors of 44871083?
269, 166807
What are the prime factors of 171413652?
2, 3, 17, 43, 19541
List the prime factors of 1447518716.
2, 7, 51697097
What are the prime factors of 17490949?
7, 2498707
What are the prime factors of 111884947?
111884947
List the prime factors of 333615338.
2, 7, 19, 1254193
List the prime factors of 123487183.
139, 888397
What are the prime factors of 105087829?
7, 11, 17, 43, 1867
What are the prime factors of 456911137?
89, 739, 6947
List the prime factors of 5437612.
2, 353, 3851
List the prime factors of 248585923.
1291, 192553
What are the prime factors of 197942686?
2, 181, 463, 1181
What are the prime factors of 17709833?
1447, 12239
What are the prime factors of 396770021?
17, 2143, 10891
List the prime factors of 256033480.
2, 5, 6400837
List the prime factors of 151808280.
2, 3, 5, 13, 23, 4231
List the prime factors of 102761123.
29, 3543487
List the prime factors of 28192180.
2, 5, 241, 5849
What are the prime factors of 469359320?
2, 5, 11733983
What are the prime factors of 22982852?
2, 5745713
List the prime factors of 57210548.
2, 179, 79903
List the prime factors of 3046067897.
19, 1229, 130447
List the prime factors of 15010806.
2, 3, 29, 86269
List the prime factors of 3683299468.
2, 179, 5144273
List the prime factors of 54765724.
2, 13, 83, 12689
List the prime factors of 445884254.
2, 222942127
What are the prime factors of 131580215?
5, 13, 43, 179, 263
List the prime factors of 817321071.
3, 7, 38920051
What are the prime factors of 1045777?
157, 6661
List the prime factors of 380634815.
5, 11, 61, 113453
List the prime factors of 11526956.
2, 7, 23, 2557
List the prime factors of 1305471422.
2, 5749, 113539
List the prime factors of 58358640.
2, 3, 5, 243161
List the prime factors of 30236316.
2, 3, 11, 157, 1459
List the prime factors of 1219581838.
2, 67, 173, 52609
What are the prime factors of 73044608?
2, 7, 13, 6271
What are the prime factors of 137812254?
2, 3, 3187, 7207
What are the prime factors of 1401417920?
2, 5, 7, 37, 457
List the prime factors of 3243598823.
229, 1093, 12959
What are the prime factors of 2188339?
2188339
List the prime factors of 2377848927.
3, 863, 918443
What are the prime factors of 91011048?
2, 3, 29, 43, 3041
List the prime factors of 84288371.
84288371
List the prime factors of 113098446.
2, 3, 6283247
What are the prime factors of 77491149?
3, 25830383
List the prime factors of 4794663566.
2, 7, 11, 19, 1638641
What are the prime factors of 649182893?
17, 29, 1316801
What are the prime factors of 272963172?
2, 3, 23, 829, 1193
List the prime factors of 439085085.
3, 5, 29, 31, 32561
List the prime factors of 726659197.
11, 233, 283519
What are the prime factors of 2263198209?
3, 53, 14233951
What are the prime factors of 61969090?
2, 5, 6196909
List the prime factors of 1042817522.
2, 55